{"id":216,"date":"2023-12-07T12:31:39","date_gmt":"2023-12-07T11:31:39","guid":{"rendered":"https:\/\/quentinplemarie.com\/?page_id=216"},"modified":"2025-01-03T16:49:02","modified_gmt":"2025-01-03T15:49:02","slug":"les-yeux-fermes","status":"publish","type":"page","link":"https:\/\/quentinplemarie.com\/?page_id=216","title":{"rendered":"Les yeux ferm\u00e9s"},"content":{"rendered":"\n<figure data-wp-context=\"{&quot;imageId&quot;:&quot;69fb34893e042&quot;}\" data-wp-interactive=\"core\/image\" class=\"wp-block-image aligncenter size-large is-resized is-style-default wp-lightbox-container\"><img fetchpriority=\"high\" decoding=\"async\" width=\"724\" height=\"1024\" data-wp-class--hide=\"state.isContentHidden\" data-wp-class--show=\"state.isContentVisible\" data-wp-init=\"callbacks.setButtonStyles\" data-wp-on-async--click=\"actions.showLightbox\" data-wp-on-async--load=\"callbacks.setButtonStyles\" data-wp-on-async-window--resize=\"callbacks.setButtonStyles\" src=\"http:\/\/quentinplemarie.com\/wp-content\/uploads\/2023\/11\/les-yeux-fermes-v2-724x1024.png\" alt=\"\" class=\"wp-image-134\" style=\"width:255px;height:auto\" srcset=\"https:\/\/quentinplemarie.com\/wp-content\/uploads\/2023\/11\/les-yeux-fermes-v2-724x1024.png 724w, https:\/\/quentinplemarie.com\/wp-content\/uploads\/2023\/11\/les-yeux-fermes-v2-400x566.png 400w, https:\/\/quentinplemarie.com\/wp-content\/uploads\/2023\/11\/les-yeux-fermes-v2-212x300.png 212w, https:\/\/quentinplemarie.com\/wp-content\/uploads\/2023\/11\/les-yeux-fermes-v2-768x1086.png 768w, https:\/\/quentinplemarie.com\/wp-content\/uploads\/2023\/11\/les-yeux-fermes-v2-1086x1536.png 1086w, https:\/\/quentinplemarie.com\/wp-content\/uploads\/2023\/11\/les-yeux-fermes-v2-1448x2048.png 1448w\" sizes=\"(max-width: 724px) 100vw, 724px\" \/><button\n\t\t\tclass=\"lightbox-trigger\"\n\t\t\ttype=\"button\"\n\t\t\taria-haspopup=\"dialog\"\n\t\t\taria-label=\"Agrandir\"\n\t\t\tdata-wp-init=\"callbacks.initTriggerButton\"\n\t\t\tdata-wp-on-async--click=\"actions.showLightbox\"\n\t\t\tdata-wp-style--right=\"state.imageButtonRight\"\n\t\t\tdata-wp-style--top=\"state.imageButtonTop\"\n\t\t>\n\t\t\t<svg xmlns=\"http:\/\/www.w3.org\/2000\/svg\" width=\"12\" height=\"12\" fill=\"none\" viewBox=\"0 0 12 12\">\n\t\t\t\t<path fill=\"#fff\" d=\"M2 0a2 2 0 0 0-2 2v2h1.5V2a.5.5 0 0 1 .5-.5h2V0H2Zm2 10.5H2a.5.5 0 0 1-.5-.5V8H0v2a2 2 0 0 0 2 2h2v-1.5ZM8 12v-1.5h2a.5.5 0 0 0 .5-.5V8H12v2a2 2 0 0 1-2 2H8Zm2-12a2 2 0 0 1 2 2v2h-1.5V2a.5.5 0 0 0-.5-.5H8V0h2Z\" \/>\n\t\t\t<\/svg>\n\t\t<\/button><\/figure>\n\n\n\n<h4 class=\"wp-block-heading\"><span style=\"text-decoration: underline;\">Pr\u00e9sentation<\/span><\/h4>\n\n\n\n<p><strong>Titre : <\/strong>Les yeux ferm\u00e9s<br><strong>Genre(s) :<\/strong> Fantastique, aventure, romance<br><strong>Nombre de mots :<\/strong> ~6500<\/p>\n\n\n\n<p><strong>R\u00e9sum\u00e9 :<\/strong> <em>Paris, 1910. Alors que la ville f\u00eate l&rsquo;entr\u00e9e dans une nouvelle d\u00e9cennie, Lucie est au bord du d\u00e9sespoir et s&rsquo;appr\u00eate \u00e0 commettre l&rsquo;irr\u00e9parable. C&rsquo;est alors qu&rsquo;elle fait la rencontre d&rsquo;une myst\u00e9rieuse jeune fille aux cheveux sombres et aux yeux clairs dot\u00e9e de pouvoirs \u00e9tranges et qui pourrait bien bouleverser sa vie&#8230;<\/em><\/p>\n\n\n\n<h4 class=\"wp-block-heading\"><span style=\"text-decoration: underline;\">O\u00f9 lire cette histoire ?<\/span><\/h4>\n\n\n\n<div class=\"wp-block-group is-content-justification-center is-nowrap is-layout-flex wp-container-core-group-is-layout-23441af8 wp-block-group-is-layout-flex\">\n<div class=\"wp-block-group is-vertical is-layout-flex wp-container-core-group-is-layout-fe9cc265 wp-block-group-is-layout-flex\">\n<p>Dans sa premi\u00e8re version :<\/p>\n<\/div>\n\n\n\n<p>Dans sa version d\u00e9finitive :<\/p>\n<\/div>\n\n\n\n<div class=\"wp-block-buttons is-content-justification-center is-layout-flex wp-container-core-buttons-is-layout-a89b3969 wp-block-buttons-is-layout-flex\">\n<div class=\"wp-block-button is-style-fill\"><a class=\"wp-block-button__link has-base-color has-text-color has-link-color wp-element-button\" href=\"https:\/\/www.wattpad.com\/story\/86770759-les-yeux-ferm%C3%A9s\" target=\"_blank\" rel=\"noreferrer noopener\">Sur Wattpad<\/a><\/div>\n\n\n\n<div class=\"wp-block-button is-style-fill\"><a class=\"wp-block-button__link has-base-color has-text-color has-link-color wp-element-button\" href=\"https:\/\/quentinplemarie.com\/?page_id=584\">Le Personarium<\/a><\/div>\n<\/div>\n\n\n\n<hr class=\"wp-block-separator has-alpha-channel-opacity is-style-wide\"\/>\n\n\n\n<h4 class=\"wp-block-heading\"><span style=\"text-decoration: underline;\">Les anecdotes de l&rsquo;histoire<\/span><\/h4>\n\n\n\n<p>Cette histoire a \u00e9t\u00e9 \u00e9crite en 2015 dans le cadre du concours d&rsquo;\u00e9criture du Prix du Jeune Ecrivain (car oui, \u00e0 cette \u00e9poque, je pouvais encore pr\u00e9tendre \u00eatre \u00ab\u00a0jeune\u00a0\u00bb).<\/p>\n\n\n\n<p>Si elle n&rsquo;a \u00e9videmment pas \u00e9t\u00e9 prim\u00e9e, une fiche de lecture du jury tr\u00e8s encourageante m&rsquo;a cependant \u00e9t\u00e9 envoy\u00e9e, qui a d\u00e9cupl\u00e9 ma motivation \u00e0 poursuivre l&rsquo;\u00e9criture.<\/p>\n\n\n\n<hr class=\"wp-block-separator has-alpha-channel-opacity is-style-wide\"\/>\n\n\n\n<h4 class=\"wp-block-heading\"><span style=\"text-decoration: underline;\">Quelques commentaires de lecteurs<\/span><\/h4>\n\n\n\n<blockquote class=\"wp-block-quote is-layout-flow wp-block-quote-is-layout-flow\">\n<p><em>Ah mon dieu ! Ne me dis pas que \u00e7a s&rsquo;arr\u00eate l\u00e0&#8230; C&rsquo;est tellement g\u00e9nial ! Sinc\u00e8rement, j&rsquo;ai ador\u00e9. J&rsquo;ai \u00e9t\u00e9 absorb\u00e9e l&rsquo;espace d&rsquo;un moment dans le Paris de 1910. L&rsquo;id\u00e9e est extr\u00eamement originale. Merci pour ce beau voyage&#8230; \ud83d\ude0a<\/em><\/p>\n<cite>LageEnder, sur <strong>Wattpad<\/strong><\/cite><\/blockquote>\n\n\n\n<blockquote class=\"wp-block-quote is-layout-flow wp-block-quote-is-layout-flow\">\n<p><em>J&rsquo;aime bien cette rencontre insolite entre les deux persos, et puis Luna qui semble d\u00e9barquer du manga Akira ou de la saison 2 d&rsquo;American Horror Story. Cingl\u00e9e mais sp\u00e9ciale, et plut\u00f4t attachante!<\/em><\/p>\n<cite>MatthieuDespeyroux, sur <strong>Wattpad<\/strong><\/cite><\/blockquote>\n\n\n\n<blockquote class=\"wp-block-quote is-layout-flow wp-block-quote-is-layout-flow\">\n<p><em>Je t&rsquo;ai d\u00e9couvert par hasard. J&rsquo;aime beaucoup ton style, fluide, agr\u00e9able et surtout j&rsquo;ai accroch\u00e9 \u00e0 l&rsquo;histoire. Alors je te suis et mets dans ma biblioth\u00e8que.<\/em><\/p>\n<cite>Danie68, sur <strong>Wattpad<\/strong><\/cite><\/blockquote>\n","protected":false},"excerpt":{"rendered":"<p>Pr\u00e9sentation Titre : Les yeux ferm\u00e9sGenre(s) : Fantastique, aventure, romanceNombre de mots : ~6500 R\u00e9sum\u00e9 : Paris, 1910. Alors que la ville f\u00eate l&rsquo;entr\u00e9e dans une nouvelle d\u00e9cennie, Lucie est&#8230;<\/p>\n","protected":false},"author":1,"featured_media":0,"parent":0,"menu_order":0,"comment_status":"closed","ping_status":"closed","template":"","meta":{"om_disable_all_campaigns":false,"_monsterinsights_skip_tracking":false,"_monsterinsights_sitenote_active":false,"_monsterinsights_sitenote_note":"","_monsterinsights_sitenote_category":0,"_uf_show_specific_survey":0,"_uf_disable_surveys":false,"_EventAllDay":false,"_EventTimezone":"","_EventStartDate":"","_EventEndDate":"","_EventStartDateUTC":"","_EventEndDateUTC":"","_EventShowMap":false,"_EventShowMapLink":false,"_EventURL":"","_EventCost":"","_EventCostDescription":"","_EventCurrencySymbol":"","_EventCurrencyCode":"","_EventCurrencyPosition":"","_EventDateTimeSeparator":"","_EventTimeRangeSeparator":"","_EventOrganizerID":[],"_EventVenueID":[],"_OrganizerEmail":"","_OrganizerPhone":"","_OrganizerWebsite":"","_VenueAddress":"","_VenueCity":"","_VenueCountry":"","_VenueProvince":"","_VenueState":"","_VenueZip":"","_VenuePhone":"","_VenueURL":"","_VenueStateProvince":"","_VenueLat":"","_VenueLng":"","_VenueShowMap":false,"_VenueShowMapLink":false,"footnotes":""},"class_list":["post-216","page","type-page","status-publish","hentry"],"aioseo_notices":[],"jetpack_sharing_enabled":true,"_links":{"self":[{"href":"https:\/\/quentinplemarie.com\/index.php?rest_route=\/wp\/v2\/pages\/216","targetHints":{"allow":["GET"]}}],"collection":[{"href":"https:\/\/quentinplemarie.com\/index.php?rest_route=\/wp\/v2\/pages"}],"about":[{"href":"https:\/\/quentinplemarie.com\/index.php?rest_route=\/wp\/v2\/types\/page"}],"author":[{"embeddable":true,"href":"https:\/\/quentinplemarie.com\/index.php?rest_route=\/wp\/v2\/users\/1"}],"replies":[{"embeddable":true,"href":"https:\/\/quentinplemarie.com\/index.php?rest_route=%2Fwp%2Fv2%2Fcomments&post=216"}],"version-history":[{"count":7,"href":"https:\/\/quentinplemarie.com\/index.php?rest_route=\/wp\/v2\/pages\/216\/revisions"}],"predecessor-version":[{"id":686,"href":"https:\/\/quentinplemarie.com\/index.php?rest_route=\/wp\/v2\/pages\/216\/revisions\/686"}],"wp:attachment":[{"href":"https:\/\/quentinplemarie.com\/index.php?rest_route=%2Fwp%2Fv2%2Fmedia&parent=216"}],"curies":[{"name":"wp","href":"https:\/\/api.w.org\/{rel}","templated":true}]}}