{"id":230,"date":"2023-12-07T12:33:19","date_gmt":"2023-12-07T11:33:19","guid":{"rendered":"https:\/\/quentinplemarie.com\/?page_id=230"},"modified":"2024-06-18T20:58:16","modified_gmt":"2024-06-18T18:58:16","slug":"le-bibliothecaire","status":"publish","type":"page","link":"https:\/\/quentinplemarie.com\/?page_id=230","title":{"rendered":"Le Biblioth\u00e9caire"},"content":{"rendered":"\n<figure data-wp-context=\"{&quot;imageId&quot;:&quot;69fb367163b2c&quot;}\" data-wp-interactive=\"core\/image\" class=\"wp-block-image aligncenter size-large is-resized is-style-default wp-lightbox-container\"><img fetchpriority=\"high\" decoding=\"async\" width=\"724\" height=\"1024\" data-wp-class--hide=\"state.isContentHidden\" data-wp-class--show=\"state.isContentVisible\" data-wp-init=\"callbacks.setButtonStyles\" data-wp-on-async--click=\"actions.showLightbox\" data-wp-on-async--load=\"callbacks.setButtonStyles\" data-wp-on-async-window--resize=\"callbacks.setButtonStyles\" src=\"http:\/\/quentinplemarie.com\/wp-content\/uploads\/2023\/12\/bibliothecaire-724x1024.png\" alt=\"\" class=\"wp-image-289\" style=\"width:255px;height:auto\" srcset=\"https:\/\/quentinplemarie.com\/wp-content\/uploads\/2023\/12\/bibliothecaire-724x1024.png 724w, https:\/\/quentinplemarie.com\/wp-content\/uploads\/2023\/12\/bibliothecaire-400x566.png 400w, https:\/\/quentinplemarie.com\/wp-content\/uploads\/2023\/12\/bibliothecaire-212x300.png 212w, https:\/\/quentinplemarie.com\/wp-content\/uploads\/2023\/12\/bibliothecaire-768x1086.png 768w, https:\/\/quentinplemarie.com\/wp-content\/uploads\/2023\/12\/bibliothecaire-1086x1536.png 1086w, https:\/\/quentinplemarie.com\/wp-content\/uploads\/2023\/12\/bibliothecaire-1448x2048.png 1448w\" sizes=\"(max-width: 724px) 100vw, 724px\" \/><button\n\t\t\tclass=\"lightbox-trigger\"\n\t\t\ttype=\"button\"\n\t\t\taria-haspopup=\"dialog\"\n\t\t\taria-label=\"Agrandir\"\n\t\t\tdata-wp-init=\"callbacks.initTriggerButton\"\n\t\t\tdata-wp-on-async--click=\"actions.showLightbox\"\n\t\t\tdata-wp-style--right=\"state.imageButtonRight\"\n\t\t\tdata-wp-style--top=\"state.imageButtonTop\"\n\t\t>\n\t\t\t<svg xmlns=\"http:\/\/www.w3.org\/2000\/svg\" width=\"12\" height=\"12\" fill=\"none\" viewBox=\"0 0 12 12\">\n\t\t\t\t<path fill=\"#fff\" d=\"M2 0a2 2 0 0 0-2 2v2h1.5V2a.5.5 0 0 1 .5-.5h2V0H2Zm2 10.5H2a.5.5 0 0 1-.5-.5V8H0v2a2 2 0 0 0 2 2h2v-1.5ZM8 12v-1.5h2a.5.5 0 0 0 .5-.5V8H12v2a2 2 0 0 1-2 2H8Zm2-12a2 2 0 0 1 2 2v2h-1.5V2a.5.5 0 0 0-.5-.5H8V0h2Z\" \/>\n\t\t\t<\/svg>\n\t\t<\/button><\/figure>\n\n\n\n<h4 class=\"wp-block-heading\"><span style=\"text-decoration: underline;\">Pr\u00e9sentation<\/span><\/h4>\n\n\n\n<p><strong>Titre : <\/strong>Le Biblioth\u00e9caire<br><strong>Genre(s) :<\/strong> Fantastique, aventure<br><strong>Nombre de mots :<\/strong> ~10000<\/p>\n\n\n\n<p><strong>R\u00e9sum\u00e9 :<\/strong> <\/p>\n\n\n\n<p><em>Dans une petite ville modeste et isol\u00e9e, un \u00e9trange mais magnifique b\u00e2timent attise la curiosit\u00e9 et la crainte chez les habitants : la Grande Biblioth\u00e8que.<\/em><\/p>\n\n\n\n<p><em>En effet : depuis de nombreuses g\u00e9n\u00e9rations, celle-ci ne s&rsquo;est jamais ouverte, et serait gard\u00e9e par de nombreuses mal\u00e9dictions.<\/em><\/p>\n\n\n\n<p><em>Mais un jour, quatre enfants relativement t\u00e9m\u00e9raires d\u00e9cident d&rsquo;entrer dans l&rsquo;Histoire en montant une grande op\u00e9ration d&rsquo;infiltration ayant pour but de percer le secret de la Biblioth\u00e8que et de son myst\u00e9rieux gardien&#8230;<\/em><\/p>\n\n\n\n<h4 class=\"wp-block-heading\"><span style=\"text-decoration: underline;\">O\u00f9 lire cette histoire ?<\/span><\/h4>\n\n\n\n<div class=\"wp-block-group has-global-padding is-layout-constrained wp-block-group-is-layout-constrained\">\n<div class=\"wp-block-group is-content-justification-center is-nowrap is-layout-flex wp-container-core-group-is-layout-23441af8 wp-block-group-is-layout-flex\">\n<div class=\"wp-block-group is-vertical is-content-justification-center is-layout-flex wp-container-core-group-is-layout-ce155fab wp-block-group-is-layout-flex\">\n<p class=\"has-text-align-center\">Dans sa premi\u00e8re version :<\/p>\n\n\n\n<div class=\"wp-block-buttons is-layout-flex wp-block-buttons-is-layout-flex\">\n<div class=\"wp-block-button\"><a class=\"wp-block-button__link wp-element-button\" href=\"https:\/\/www.wattpad.com\/story\/93860365-le-biblioth%C3%A9caire\" target=\"_blank\" rel=\"noreferrer noopener\">Sur Wattpad<\/a><\/div>\n<\/div>\n<\/div>\n\n\n\n<div class=\"wp-block-group is-vertical is-content-justification-center is-layout-flex wp-container-core-group-is-layout-ce155fab wp-block-group-is-layout-flex\">\n<p>En version d\u00e9finitive :<\/p>\n\n\n\n<div class=\"wp-block-buttons is-layout-flex wp-block-buttons-is-layout-flex\">\n<div class=\"wp-block-button\"><a class=\"wp-block-button__link wp-element-button\" href=\"https:\/\/quentinplemarie.com\/?page_id=584\" target=\"_blank\" rel=\"noreferrer noopener\">Le Personarium<\/a><\/div>\n<\/div>\n<\/div>\n<\/div>\n<\/div>\n\n\n\n<hr class=\"wp-block-separator has-alpha-channel-opacity is-style-wide\"\/>\n\n\n\n<h4 class=\"wp-block-heading\"><span style=\"text-decoration: underline;\">Les anecdotes de l&rsquo;histoire<\/span><\/h4>\n\n\n\n<h6 class=\"wp-block-heading\">La t\u00eate dans les \u00e9toiles<\/h6>\n\n\n\n<p>Le th\u00e8me des \u00e9toiles et des constellations revient \u00e0 de nombreuses reprises dans la nouvelle, notamment \u00e0 travers les noms du quatuor de h\u00e9ros, chacun faisant r\u00e9f\u00e9rence \u00e0 un astre diff\u00e9rent.<br>Quant \u00e0 Sirius le chien, son nom est lui aussi tir\u00e9 d&rsquo;une \u00e9toile, mais fait aussi r\u00e9f\u00e9rence \u00e0 un personnage d&rsquo;une tr\u00e8s c\u00e9l\u00e8bre saga de livres \u00ab\u00a0magiques\u00a0\u00bb, \u00e0 laquelle l&rsquo;ambiance du r\u00e9cit fait \u00e9cho&#8230;<\/p>\n\n\n\n<h6 class=\"wp-block-heading\">Une myriade d&rsquo;auto-r\u00e9f\u00e9rences<\/h6>\n\n\n\n<p>\u00ab\u00a0Le Biblioth\u00e9caire\u00a0\u00bb est \u00e9galement une histoire que j&rsquo;ai \u00e9crite en ayant en t\u00eate de construire, un jour, un recueil de mes nombreuses nouvelles. C&rsquo;est pourquoi on trouve, au sein des ouvrages pr\u00e9sents dans les \u00e9tag\u00e8res de la Grande Biblioth\u00e8que, tout un tas de r\u00e9f\u00e9rences cach\u00e9es \u00e0 d&rsquo;autres de mes histoires courtes, dont certaines n&rsquo;ont m\u00eame pas encore \u00e9t\u00e9 publi\u00e9es&#8230;<br>Amusez-vous \u00e0 les retrouver !<\/p>\n\n\n\n<hr class=\"wp-block-separator has-alpha-channel-opacity is-style-wide\"\/>\n\n\n\n<h4 class=\"wp-block-heading\"><span style=\"text-decoration: underline;\">Quelques commentaires de lecteurs<\/span><\/h4>\n\n\n\n<blockquote class=\"wp-block-quote is-layout-flow wp-block-quote-is-layout-flow\">\n<p><em>J&rsquo;ai beaucoup aim\u00e9 ! Vraiment, c&rsquo;\u00e9tait tr\u00e8s int\u00e9ressant !<\/em><\/p>\n<cite>saviornela02, sur <strong>Wattpad<\/strong><\/cite><\/blockquote>\n\n\n\n<blockquote class=\"wp-block-quote is-layout-flow wp-block-quote-is-layout-flow\">\n<p><em>j&rsquo;aime beaucoup<\/em><\/p>\n<cite>Circonvolution, sur <strong>Wattpad<\/strong><\/cite><\/blockquote>\n","protected":false},"excerpt":{"rendered":"<p>Pr\u00e9sentation Titre : Le Biblioth\u00e9caireGenre(s) : Fantastique, aventureNombre de mots : ~10000 R\u00e9sum\u00e9 : Dans une petite ville modeste et isol\u00e9e, un \u00e9trange mais magnifique b\u00e2timent attise la curiosit\u00e9 et&#8230;<\/p>\n","protected":false},"author":1,"featured_media":0,"parent":0,"menu_order":0,"comment_status":"closed","ping_status":"closed","template":"","meta":{"om_disable_all_campaigns":false,"_monsterinsights_skip_tracking":false,"_monsterinsights_sitenote_active":false,"_monsterinsights_sitenote_note":"","_monsterinsights_sitenote_category":0,"_uf_show_specific_survey":0,"_uf_disable_surveys":false,"_EventAllDay":false,"_EventTimezone":"","_EventStartDate":"","_EventEndDate":"","_EventStartDateUTC":"","_EventEndDateUTC":"","_EventShowMap":false,"_EventShowMapLink":false,"_EventURL":"","_EventCost":"","_EventCostDescription":"","_EventCurrencySymbol":"","_EventCurrencyCode":"","_EventCurrencyPosition":"","_EventDateTimeSeparator":"","_EventTimeRangeSeparator":"","_EventOrganizerID":[],"_EventVenueID":[],"_OrganizerEmail":"","_OrganizerPhone":"","_OrganizerWebsite":"","_VenueAddress":"","_VenueCity":"","_VenueCountry":"","_VenueProvince":"","_VenueState":"","_VenueZip":"","_VenuePhone":"","_VenueURL":"","_VenueStateProvince":"","_VenueLat":"","_VenueLng":"","_VenueShowMap":false,"_VenueShowMapLink":false,"footnotes":""},"class_list":["post-230","page","type-page","status-publish","hentry"],"aioseo_notices":[],"jetpack_sharing_enabled":true,"_links":{"self":[{"href":"https:\/\/quentinplemarie.com\/index.php?rest_route=\/wp\/v2\/pages\/230","targetHints":{"allow":["GET"]}}],"collection":[{"href":"https:\/\/quentinplemarie.com\/index.php?rest_route=\/wp\/v2\/pages"}],"about":[{"href":"https:\/\/quentinplemarie.com\/index.php?rest_route=\/wp\/v2\/types\/page"}],"author":[{"embeddable":true,"href":"https:\/\/quentinplemarie.com\/index.php?rest_route=\/wp\/v2\/users\/1"}],"replies":[{"embeddable":true,"href":"https:\/\/quentinplemarie.com\/index.php?rest_route=%2Fwp%2Fv2%2Fcomments&post=230"}],"version-history":[{"count":3,"href":"https:\/\/quentinplemarie.com\/index.php?rest_route=\/wp\/v2\/pages\/230\/revisions"}],"predecessor-version":[{"id":591,"href":"https:\/\/quentinplemarie.com\/index.php?rest_route=\/wp\/v2\/pages\/230\/revisions\/591"}],"wp:attachment":[{"href":"https:\/\/quentinplemarie.com\/index.php?rest_route=%2Fwp%2Fv2%2Fmedia&parent=230"}],"curies":[{"name":"wp","href":"https:\/\/api.w.org\/{rel}","templated":true}]}}