{"id":786,"date":"2025-06-18T13:24:37","date_gmt":"2025-06-18T11:24:37","guid":{"rendered":"https:\/\/quentinplemarie.com\/?page_id=786"},"modified":"2025-06-18T13:39:52","modified_gmt":"2025-06-18T11:39:52","slug":"de-victoria-in-machinas","status":"publish","type":"page","link":"https:\/\/quentinplemarie.com\/?page_id=786","title":{"rendered":"De Victoria in Machinas"},"content":{"rendered":"\n<figure class=\"wp-block-image size-large\"><img fetchpriority=\"high\" decoding=\"async\" width=\"1024\" height=\"787\" src=\"https:\/\/quentinplemarie.com\/wp-content\/uploads\/2025\/06\/DVIM-mockup-broche-1024x787.png\" alt=\"\" class=\"wp-image-787\" srcset=\"https:\/\/quentinplemarie.com\/wp-content\/uploads\/2025\/06\/DVIM-mockup-broche-1024x787.png 1024w, https:\/\/quentinplemarie.com\/wp-content\/uploads\/2025\/06\/DVIM-mockup-broche-300x230.png 300w, https:\/\/quentinplemarie.com\/wp-content\/uploads\/2025\/06\/DVIM-mockup-broche-768x590.png 768w, https:\/\/quentinplemarie.com\/wp-content\/uploads\/2025\/06\/DVIM-mockup-broche-1536x1180.png 1536w, https:\/\/quentinplemarie.com\/wp-content\/uploads\/2025\/06\/DVIM-mockup-broche-2048x1573.png 2048w, https:\/\/quentinplemarie.com\/wp-content\/uploads\/2025\/06\/DVIM-mockup-broche-1320x1014.png 1320w, https:\/\/quentinplemarie.com\/wp-content\/uploads\/2025\/06\/DVIM-mockup-broche-400x307.png 400w\" sizes=\"(max-width: 1024px) 100vw, 1024px\" \/><figcaption class=\"wp-element-caption\">Couverture : Pauline Gallois Illustrations \u00a9<\/figcaption><\/figure>\n\n\n\n<h4 class=\"wp-block-heading has-text-align-center\">D\u00e9couvrez la trilogie steampunk dont les premi\u00e8res pages ont d\u00e9j\u00e0 conquis plus de 13500 lecteurs sur Wattpad !<\/h4>\n\n\n\n<p><strong>Le Tome I : De Fer et de Sang, sera disponible en pr\u00e9-commande cet \u00e9t\u00e9 sur Ulule !<\/strong><\/p>\n\n\n\n<div class=\"wp-block-cover is-light\" style=\"padding-right:0;padding-left:0;min-height:179px;aspect-ratio:unset;\"><span aria-hidden=\"true\" class=\"wp-block-cover__background has-background-dim\"><\/span><img decoding=\"async\" width=\"926\" height=\"1350\" class=\"wp-block-cover__image-background wp-image-793\" alt=\"\" src=\"https:\/\/quentinplemarie.com\/wp-content\/uploads\/2025\/06\/front-only.jpg\" style=\"object-position:48% 96%\" data-object-fit=\"cover\" data-object-position=\"48% 96%\" srcset=\"https:\/\/quentinplemarie.com\/wp-content\/uploads\/2025\/06\/front-only.jpg 926w, https:\/\/quentinplemarie.com\/wp-content\/uploads\/2025\/06\/front-only-206x300.jpg 206w, https:\/\/quentinplemarie.com\/wp-content\/uploads\/2025\/06\/front-only-702x1024.jpg 702w, https:\/\/quentinplemarie.com\/wp-content\/uploads\/2025\/06\/front-only-768x1120.jpg 768w, https:\/\/quentinplemarie.com\/wp-content\/uploads\/2025\/06\/front-only-400x583.jpg 400w\" sizes=\"(max-width: 926px) 100vw, 926px\" \/><div class=\"wp-block-cover__inner-container is-layout-flow wp-block-cover-is-layout-flow\">\n<p class=\"has-text-align-center has-base-color has-text-color has-link-color has-dm-serif-display-font-family has-large-font-size wp-elements-9dc0fb95334876198226ce3ec4e52062\"><strong>De Victoria in Machinas<br>Tome I : De Fer et de Sang<\/strong><\/p>\n\n\n\n<div class=\"wp-block-buttons is-content-justification-center is-layout-flex wp-container-core-buttons-is-layout-a89b3969 wp-block-buttons-is-layout-flex\">\n<div class=\"wp-block-button\"><a class=\"wp-block-button__link wp-element-button\" href=\"https:\/\/quentinplemarie.com\/?page_id=794\" target=\"_blank\" rel=\"noreferrer noopener\">En savoir plus<\/a><\/div>\n<\/div>\n<\/div><\/div>\n","protected":false},"excerpt":{"rendered":"<p>D\u00e9couvrez la trilogie steampunk dont les premi\u00e8res pages ont d\u00e9j\u00e0 conquis plus de 13500 lecteurs sur Wattpad ! Le Tome I : De Fer et de Sang, sera disponible en&#8230;<\/p>\n","protected":false},"author":1,"featured_media":0,"parent":0,"menu_order":0,"comment_status":"closed","ping_status":"closed","template":"","meta":{"om_disable_all_campaigns":false,"_monsterinsights_skip_tracking":false,"_monsterinsights_sitenote_active":false,"_monsterinsights_sitenote_note":"","_monsterinsights_sitenote_category":0,"_uf_show_specific_survey":0,"_uf_disable_surveys":false,"_EventAllDay":false,"_EventTimezone":"","_EventStartDate":"","_EventEndDate":"","_EventStartDateUTC":"","_EventEndDateUTC":"","_EventShowMap":false,"_EventShowMapLink":false,"_EventURL":"","_EventCost":"","_EventCostDescription":"","_EventCurrencySymbol":"","_EventCurrencyCode":"","_EventCurrencyPosition":"","_EventDateTimeSeparator":"","_EventTimeRangeSeparator":"","_EventOrganizerID":[],"_EventVenueID":[],"_OrganizerEmail":"","_OrganizerPhone":"","_OrganizerWebsite":"","_VenueAddress":"","_VenueCity":"","_VenueCountry":"","_VenueProvince":"","_VenueState":"","_VenueZip":"","_VenuePhone":"","_VenueURL":"","_VenueStateProvince":"","_VenueLat":"","_VenueLng":"","_VenueShowMap":false,"_VenueShowMapLink":false,"footnotes":""},"class_list":["post-786","page","type-page","status-publish","hentry"],"aioseo_notices":[],"jetpack_sharing_enabled":true,"_links":{"self":[{"href":"https:\/\/quentinplemarie.com\/index.php?rest_route=\/wp\/v2\/pages\/786","targetHints":{"allow":["GET"]}}],"collection":[{"href":"https:\/\/quentinplemarie.com\/index.php?rest_route=\/wp\/v2\/pages"}],"about":[{"href":"https:\/\/quentinplemarie.com\/index.php?rest_route=\/wp\/v2\/types\/page"}],"author":[{"embeddable":true,"href":"https:\/\/quentinplemarie.com\/index.php?rest_route=\/wp\/v2\/users\/1"}],"replies":[{"embeddable":true,"href":"https:\/\/quentinplemarie.com\/index.php?rest_route=%2Fwp%2Fv2%2Fcomments&post=786"}],"version-history":[{"count":2,"href":"https:\/\/quentinplemarie.com\/index.php?rest_route=\/wp\/v2\/pages\/786\/revisions"}],"predecessor-version":[{"id":796,"href":"https:\/\/quentinplemarie.com\/index.php?rest_route=\/wp\/v2\/pages\/786\/revisions\/796"}],"wp:attachment":[{"href":"https:\/\/quentinplemarie.com\/index.php?rest_route=%2Fwp%2Fv2%2Fmedia&parent=786"}],"curies":[{"name":"wp","href":"https:\/\/api.w.org\/{rel}","templated":true}]}}